{"id":8,"date":"2024-01-24T13:03:59","date_gmt":"2024-01-24T13:03:59","guid":{"rendered":"https:\/\/bmwclubshungary.hu\/?page_id=8"},"modified":"2024-01-26T22:25:24","modified_gmt":"2024-01-26T22:25:24","slug":"bmw-clubs-hungary","status":"publish","type":"page","link":"https:\/\/bmwclubshungary.hu\/","title":{"rendered":"BMW Clubs Hungary"},"content":{"rendered":"\n<h1 class=\"wp-block-heading\">A Magyarorsz\u00e1gon fellelhet\u0151 \u00f6sszes hivatalos BMW klub k\u00f6z\u00f6s oldala ez az oldal.<\/h1>\n\n\n\n<h2 class=\"wp-block-heading\">Ha BMW kedvel\u0151 vagy az \u00e9rdekl\u0151d\u00e9si k\u00f6r\u00f6dnek megfelel\u0151 b\u00e1rmelyik klubbal b\u00e1tran vedd fel a kapcsolatot.<\/h2>\n\n\n\n<h2 class=\"wp-block-heading\"><strong>BMW Aut\u00f3klub Magyarorsz\u00e1g<\/strong> <a href=\"https:\/\/www.bmwautoklub.hu\/\" target=\"_blank\" rel=\"noreferrer noopener\">https:\/\/www.bmwautoklub.hu\/<\/a><\/h2>\n\n\n\n<ul>\n<li>K\u00f6zponti szervezet <a href=\"https:\/\/www.facebook.com\/BMWAutoklubMagyarorszag\" target=\"_blank\" rel=\"noreferrer noopener\">https:\/\/www.facebook.com\/BMWAutoklubMagyarorszag<\/a><\/li>\n\n\n\n<li>Fej\u00e9r v\u00e1rmegyei helyi szervezet<\/li>\n\n\n\n<li>Gy\u0151r-Moson-Sopron v\u00e1rmegyei helyi szervezet<\/li>\n\n\n\n<li>D\u00e9l-Dun\u00e1nt\u00fali helyi szervezet <a href=\"mailto:bmwautoklubpecs@gmail.com\" target=\"_blank\" rel=\"noreferrer noopener\">bmwautoklubpecs@gmail.com<\/a><\/li>\n\n\n\n<li>BMW-s csajok szakoszt\u00e1ly<\/li>\n\n\n\n<li>M szakoszt\u00e1ly <a href=\"https:\/\/www.facebook.com\/BMWMKlub\" target=\"_blank\" rel=\"noreferrer noopener\">https:\/\/www.facebook.com\/BMWMKlub<\/a><\/li>\n\n\n\n<li>Classics and Legends szakoszt\u00e1ly <a href=\"https:\/\/www.facebook.com\/bmwclassicandlegends\" target=\"_blank\" rel=\"noreferrer noopener\">https:\/\/www.facebook.com\/bmwclassicandlegends<\/a><\/li>\n\n\n\n<li>Cabrio and Roadster szakoszt\u00e1ly <a href=\"https:\/\/www.facebook.com\/profile.php?id=100090243972123\" target=\"_blank\" rel=\"noreferrer noopener\">https:\/\/www.facebook.com\/profile.php?id=100090243972123<\/a><\/li>\n\n\n\n<li>Motorrad Hungary Club szakoszt\u00e1ly <a href=\"https:\/\/bmw-motorrad-club.hu\/\" target=\"_blank\" rel=\"noreferrer noopener\">https:\/\/bmw-motorrad-club.hu\/<\/a><\/li>\n<\/ul>\n\n\n\n<h2 class=\"wp-block-heading\"><strong>BMW 02-es t\u00edpusklub<\/strong> <a href=\"http:\/\/bmw02classic.hu\/\" target=\"_blank\" rel=\"noreferrer noopener\">http:\/\/bmw02classic.hu\/<\/a><\/h2>\n\n\n\n<h2 class=\"wp-block-heading\"><strong>BMW T\u00faramotoros Klub<\/strong> <a href=\"https:\/\/www.bmwmtm.hu\/\" target=\"_blank\" rel=\"noreferrer noopener\">https:\/\/www.bmwmtm.hu\/<\/a><\/h2>\n","protected":false},"excerpt":{"rendered":"<p>A Magyarorsz\u00e1gon fellelhet\u0151 \u00f6sszes hivatalos BMW klub k\u00f6z\u00f6s oldala ez az oldal. Ha BMW kedvel\u0151 vagy az \u00e9rdekl\u0151d\u00e9si k\u00f6r\u00f6dnek megfelel\u0151 b\u00e1rmelyik klubbal b\u00e1tran vedd fel a kapcsolatot. BMW Aut\u00f3klub Magyarorsz\u00e1g https:\/\/www.bmwautoklub.hu\/ BMW 02-es t\u00edpusklub http:\/\/bmw02classic.hu\/ BMW T\u00faramotoros Klub https:\/\/www.bmwmtm.hu\/<\/p>\n","protected":false},"author":2,"featured_media":0,"parent":0,"menu_order":0,"comment_status":"closed","ping_status":"closed","template":"","meta":{"footnotes":""},"jetpack_sharing_enabled":true,"_links":{"self":[{"href":"https:\/\/bmwclubshungary.hu\/index.php?rest_route=\/wp\/v2\/pages\/8"}],"collection":[{"href":"https:\/\/bmwclubshungary.hu\/index.php?rest_route=\/wp\/v2\/pages"}],"about":[{"href":"https:\/\/bmwclubshungary.hu\/index.php?rest_route=\/wp\/v2\/types\/page"}],"author":[{"embeddable":true,"href":"https:\/\/bmwclubshungary.hu\/index.php?rest_route=\/wp\/v2\/users\/2"}],"replies":[{"embeddable":true,"href":"https:\/\/bmwclubshungary.hu\/index.php?rest_route=%2Fwp%2Fv2%2Fcomments&post=8"}],"version-history":[{"count":7,"href":"https:\/\/bmwclubshungary.hu\/index.php?rest_route=\/wp\/v2\/pages\/8\/revisions"}],"predecessor-version":[{"id":26,"href":"https:\/\/bmwclubshungary.hu\/index.php?rest_route=\/wp\/v2\/pages\/8\/revisions\/26"}],"wp:attachment":[{"href":"https:\/\/bmwclubshungary.hu\/index.php?rest_route=%2Fwp%2Fv2%2Fmedia&parent=8"}],"curies":[{"name":"wp","href":"https:\/\/api.w.org\/{rel}","templated":true}]}}

<h1 class="wp-block-heading">A Magyarországon fellelhető összes hivatalos BMW klub közös oldala ez az oldal.</h1>



<h2 class="wp-block-heading">Ha BMW kedvelő vagy az érdeklődési körödnek megfelelő bármelyik klubbal bátran vedd fel a kapcsolatot.</h2>



<h2 class="wp-block-heading"><strong>BMW Autóklub Magyarország</strong> <a href="https://www.bmwautoklub.hu/" target="_blank" rel="noreferrer noopener">https://www.bmwautoklub.hu/</a></h2>



<ul>
<li>Központi szervezet <a href="https://www.facebook.com/BMWAutoklubMagyarorszag" target="_blank" rel="noreferrer noopener">https://www.facebook.com/BMWAutoklubMagyarorszag</a></li>



<li>Fejér vármegyei helyi szervezet</li>



<li>Győr-Moson-Sopron vármegyei helyi szervezet</li>



<li>Dél-Dunántúli helyi szervezet <a href="mailto:bmwautoklubpecs@gmail.com" target="_blank" rel="noreferrer noopener">bmwautoklubpecs@gmail.com</a></li>



<li>BMW-s csajok szakosztály</li>



<li>M szakosztály <a href="https://www.facebook.com/BMWMKlub" target="_blank" rel="noreferrer noopener">https://www.facebook.com/BMWMKlub</a></li>



<li>Classics and Legends szakosztály <a href="https://www.facebook.com/bmwclassicandlegends" target="_blank" rel="noreferrer noopener">https://www.facebook.com/bmwclassicandlegends</a></li>



<li>Cabrio and Roadster szakosztály <a href="https://www.facebook.com/profile.php?id=100090243972123" target="_blank" rel="noreferrer noopener">https://www.facebook.com/profile.php?id=100090243972123</a></li>



<li>Motorrad Hungary Club szakosztály <a href="https://bmw-motorrad-club.hu/" target="_blank" rel="noreferrer noopener">https://bmw-motorrad-club.hu/</a></li>
</ul>



<h2 class="wp-block-heading"><strong>BMW 02-es típusklub</strong> <a href="http://bmw02classic.hu/" target="_blank" rel="noreferrer noopener">http://bmw02classic.hu/</a></h2>



<h2 class="wp-block-heading"><strong>BMW Túramotoros Klub</strong> <a href="https://www.bmwmtm.hu/" target="_blank" rel="noreferrer noopener">https://www.bmwmtm.hu/</a></h2>

<p>A Magyarországon fellelhető összes hivatalos BMW klub közös oldala ez az oldal. Ha BMW kedvelő vagy az érdeklődési körödnek megfelelő bármelyik klubbal bátran vedd fel a kapcsolatot. BMW Autóklub Magyarország https://www.bmwautoklub.hu/ BMW 02-es típusklub http://bmw02classic.hu/ BMW Túramotoros Klub https://www.bmwmtm.hu/</p>
